{"id":217,"date":"2012-05-09T11:17:40","date_gmt":"2012-05-09T11:17:40","guid":{"rendered":"http:\/\/aktuellt.langtanochlust.com\/?page_id=217"},"modified":"2020-09-13T16:45:35","modified_gmt":"2020-09-13T16:45:35","slug":"tips","status":"publish","type":"page","link":"https:\/\/langtanochlust.com\/?page_id=217","title":{"rendered":"Tips"},"content":{"rendered":"<p>&nbsp;<\/p>\n<p>H\u00e4r delar jag med mig av n\u00e5gra tips p\u00e5 lite av varje som varit v\u00e4rdefullt f\u00f6r mig &#8211; men kom ih\u00e5g att v\u00e4lja utifr\u00e5n dina behov och din intuition. Du vet vad just du b\u00e4st beh\u00f6ver.<\/p>\n<p><span style=\"text-decoration: underline;\">MINA MMMMM:<\/span><\/p>\n<p>MASSAGE\u00a0 hj\u00e4lper kroppen att slappna av.<\/p>\n<p>MAT \u00e4r mycket viktigt b\u00e5de f\u00f6r kropp och sj\u00e4l. F\u00f6r mig har det blivit tydligt att ju mer jag \u00e4ter och dricker det som \u00e4r bra f\u00f6r mig och undviker det som inte \u00e4r bra ju b\u00e4ttre m\u00e5r jag och ju l\u00e4ttare f\u00e5r jag kontakt med min intuition och mitt andliga jag. Jag v\u00e4ljer s\u00e5 l\u00e5ngt det \u00e4r m\u00f6jligt ekologisk, vegetarisk mat och undviker kaffe, alkohol, socker och vitt mj\u00f6l.<\/p>\n<p>MEDITATION &#8211; om s\u00e5 bara en liten stund varje dag hj\u00e4lper mig att f\u00f6rst\u00e5 vad som \u00e4r viktigt just den h\u00e4r dagen.<\/p>\n<p>MOTION g\u00e4rna i naturen, \u00e4r en f\u00f6rsummad m\u00e5 bra -och l\u00e4kningsk\u00e4lla.<\/p>\n<p>M\u00d6TEN. M\u00e5nga filosofer uttrycker samst\u00e4mmigt att vi blir till genom varandra. Vi speglar oss i varandra, pr\u00f6var olika s\u00e4tt att vara och l\u00e4ra k\u00e4nna oss sj\u00e4lva genom att m\u00f6tas.<\/p>\n<p><span style=\"text-decoration: underline;\">BOKTIPS<\/span><br \/>\nB\u00f6cker har f\u00f6r mig varit ett mycket v\u00e4rdefullt st\u00f6d i min personliga utveckling. Kanske finner du n\u00e5gon p\u00e4rla bland nedanst\u00e5ende b\u00f6cker. Har du n\u00e5got tips p\u00e5 en bok som varit v\u00e4rdefull f\u00f6r dig f\u00e5r du g\u00e4rna maila det till mig.<\/p>\n<p>Anv\u00e4nd dina dr\u00f6mmar, Montage Ullman<br \/>\nAtt m\u00e5 d\u00e5ligt \u00e4r en bra b\u00f6rjan, Bengt Stern (Mullingstorp kursg\u00e5rd)<br \/>\nAtt v\u00e4lja Gl\u00e4dje (en bok om att f\u00e5 ett b\u00e4ttre liv), Kay Pollak<br \/>\nAwesomism &#8211; Ett nytt s\u00e4tt att f\u00f6rst\u00e5 diagnosen autism, Suzy Miller<br \/>\nBadskumt (en bok om giftiga och milj\u00f6farliga \u00e4mnen i hudv\u00e5rdsprodukter), Katarina Johansson<br \/>\nBarn av livet (Resan till vuxenlivet och dess ansvar), Tommy Hellsten<br \/>\nBejaka dig sj\u00e4lv, Margareta Melin<br \/>\nDen hemlige kocken (Det ok\u00e4nda fusket med maten p\u00e5 din tallrik), Mats-Erik Nilsson<br \/>\nDen gudomliga matrisen, Gregg Braden.<br \/>\nDu kan hela ditt liv, Louise L. Hay<br \/>\nEn \u00c4ngel i mitt h\u00e5r, Lorna Byrne<br \/>\nForskningsfusket, Docent Ralf Sundberg<br \/>\nHealingkoden (l\u00e4ttl\u00e4st bok med healingtips) Alexander Loyd<br \/>\nHelande tr\u00e4dg\u00e5rd (Om frizoner och andrum i natur och tr\u00e4dg\u00e5rd) Marianna Agetorp<br \/>\nKreativitet (Sl\u00e4pp loss dina inre krafter), Osho<br \/>\nLjusets helande \u00e4nglar (Inre ljus som l\u00e4kande kraft), LaUna Huffines<br \/>\nLove has Forgotten No One (The answer to Life), Gary R Renard<br \/>\nMedveten Andning, Anders Olsson<br \/>\nMinska din stress med meditation, Andires J Kroese<br \/>\nMobiltelefons h\u00e4lsorisker, Mona Nilsson<br \/>\nMod (Gl\u00e4djen i att leva farligt), Osho<br \/>\nMod att m\u00f6ta den r\u00e4tte (s\u00e5 h\u00e4r g\u00f6r du), Inga-Lill Valfridsson<br \/>\nMod att m\u00f6ta f\u00f6r\u00e4ndringar (Inspiration, v\u00e4gledning och kunskap), Inga-Lill Valfridsson<br \/>\nReiki en v\u00e4g till h\u00e4sa, utveckling och inre harmoni, Lena Johansson<br \/>\nSamtal med \u00e4nglar, Gitta Mallasz<br \/>\nSj\u00e4larnas resa (Fallstudier om livet mellan liven), Michael Newton<br \/>\nThe Heart of Tantric Sex, (konkreta tips), Diana Richardson<br \/>\nThe Disapperance of the Universe, Gary R. Renard (Straight Talk about Illusions, Past Lives, Religion, Sex, Politics and the Miracles of Forgiveness)<br \/>\nTrappor till himlen (\u00c4nglarna visar oss v\u00e4gen), Lorna Byrne<br \/>\nV\u00e4ck din inre healer, Eric Pearl<br \/>\nYour Immortal Reality (How to Break the Cycle of Birth and Death), Gary R. Renard.<\/p>\n<p>APP:<br \/>\nLugn&amp; Lycklig<br \/>\n\u00d6vningar f\u00f6r kropsscanning, k\u00e4rleksfull v\u00e4nlighet, skrattyoga, meditation.<br \/>\nBehaglig r\u00f6st.<\/p>\n<p><span style=\"text-decoration: underline;\">FILMTIPS<\/span><br \/>\nAmbres, (En d\u00f6d talar), En film av Anders Gr\u00f6nros<br \/>\nThe Living Matrix, A film on the new science of healing<\/p>\n<p><span style=\"text-decoration: underline;\">TAROTKORT OCH \u00c4NGLAKORT<\/span><br \/>\nF\u00f6r mig \u00e4r bilderna och texterna i tarotkorten och \u00e4nglakorten ett v\u00e4rdefullt s\u00e4tt att spegla mig och uppt\u00e4cka nya sidor av mig sj\u00e4lv, ibland f\u00e5 en spark i baken och ibland f\u00e5 uppmuntran n\u00e4r jag beh\u00f6ver det. M\u00e5nga f\u00f6rundras \u00f6ver hur v\u00e4l korten speglar det man befinner sig i.<br \/>\nOsho Zen Tarot (Vattumannens f\u00f6rlag)<br \/>\n\u00c4nglakort av Doreen Virtue<\/p>\n<p>L\u00c4NKAR<br \/>\nUnder l\u00e4nkar hittar du samarbetspartners, kursg\u00e5rdar mm.<\/p>\n<p>Varmt lycka till i ditt s\u00f6kande.<\/p>\n<p>&nbsp;<\/p>\n","protected":false},"excerpt":{"rendered":"<p>&nbsp; H\u00e4r delar jag med mig av n\u00e5gra tips p\u00e5 lite av varje som varit v\u00e4rdefullt f\u00f6r mig &#8211; men kom ih\u00e5g att v\u00e4lja utifr\u00e5n dina behov och din intuition. Du vet vad just du b\u00e4st beh\u00f6ver. MINA MMMMM: MASSAGE\u00a0 hj\u00e4lper kroppen att slappna av. MAT \u00e4r mycket viktigt b\u00e5de f\u00f6r kropp och sj\u00e4l. F\u00f6r [&hellip;]<\/p>\n","protected":false},"author":1,"featured_media":0,"parent":0,"menu_order":0,"comment_status":"closed","ping_status":"closed","template":"","meta":[],"_links":{"self":[{"href":"https:\/\/langtanochlust.com\/index.php?rest_route=\/wp\/v2\/pages\/217"}],"collection":[{"href":"https:\/\/langtanochlust.com\/index.php?rest_route=\/wp\/v2\/pages"}],"about":[{"href":"https:\/\/langtanochlust.com\/index.php?rest_route=\/wp\/v2\/types\/page"}],"author":[{"embeddable":true,"href":"https:\/\/langtanochlust.com\/index.php?rest_route=\/wp\/v2\/users\/1"}],"replies":[{"embeddable":true,"href":"https:\/\/langtanochlust.com\/index.php?rest_route=%2Fwp%2Fv2%2Fcomments&post=217"}],"version-history":[{"count":15,"href":"https:\/\/langtanochlust.com\/index.php?rest_route=\/wp\/v2\/pages\/217\/revisions"}],"predecessor-version":[{"id":3541,"href":"https:\/\/langtanochlust.com\/index.php?rest_route=\/wp\/v2\/pages\/217\/revisions\/3541"}],"wp:attachment":[{"href":"https:\/\/langtanochlust.com\/index.php?rest_route=%2Fwp%2Fv2%2Fmedia&parent=217"}],"curies":[{"name":"wp","href":"https:\/\/api.w.org\/{rel}","templated":true}]}}